 n be f(-5). Let o = -46 + n. What is the highest common divisor of 210 and o?
30
Let p(v) = 86*v**2 + v + 4. Let k be p(2). What is the greatest common factor of k and 200?
50
Let t be 167/(-4) - -1 - (-3)/(-12). Let q = t + 71. Calculate the greatest common factor of 6 and q.
6
Let y = -304 + 493. Suppose 4*r - r = y. Calculate the highest common factor of r and 42.
21
Let o = 6 - -31. Let n = -6 - -41. Let g be (o - 2)*98/n. What is the highest common divisor of 14 and g?
14
Let j be (-65)/(-3) - 1 - 15/9. What is the greatest common divisor of j and 2?
1
Let i = -993 + 1145. What is the greatest common divisor of i and 24?
8
Let s be (96/(-240))/(2/(-720)). What is the greatest common factor of s and 8?
8
Let i be 136/4 + -1 + -3. Let w be ((-2)/((-10)/9))/(2/i). What is the greatest common factor of 189 and w?
27
Let k be (-195)/(-9) + (-2)/(-6). What is the greatest common factor of k and 22?
22
Let a be (-38)/209 - (-290)/22. Let z = 664 - 443. Calculate the greatest common divisor of a and z.
13
Let d be (-1)/(5/13660*-2). Let b = -750 + d. Calculate the greatest common divisor of 56 and b.
56
Let x be 39 - (1 - (6 - 11)). What is the greatest common factor of x and 6?
3
Let y(z) = 1 + 15*z + 0*z**2 + 0 - z**3 + z**2. Let n be y(-7). What is the greatest common divisor of n and 32?
32
Let j = 61 - 69. Let n be -1 - (3 + j/3)*-177. What is the highest common divisor of n and 29?
29
Let p = 1 - -5. Let s = 21 - p. Let r be 3 + s/(-9)*-21. What is the greatest common divisor of 38 and r?
38
Let j = -62 + 113. Suppose 13*n + j = 16*n. Let s(h) = -h**2 + 18*h - 1. Let a be s(n). Calculate the highest common divisor of 64 and a.
16
Let q(w) = w**3 - 4*w**2 + 2. Let c be q(5). Let g = c - 23. Suppose d + 2 - g = 0. Calculate the highest common factor of 1 and d.
1
Let y be 14/1 - 5 - 4 - 1. Let c = 2 - 4. Let w = y + c. What is the highest common divisor of w and 5?
1
Let o(g) = g**3 - 7*g**2 + 6*g + 2. Let k be o(6). Suppose 1 = -2*b + 7. Calculate the highest common divisor of b and k.
1
Let c(a) be the third derivative of a**5/30 - a**4/6 + a**3 - 15*a**2. Let f be c(4). Calculate the highest common factor of f and 11.
11
Let b be (2 + (-4)/(-36)*-3)*-36. Let c = b + 98. Calculate the greatest common divisor of c and 95.
19
Suppose -2*g = 1 - 3. Let b(f) = f. Suppose -c - 4*c = 3*d, -3*c = -3*d + 24. Let o be b(d). Calculate the highest common divisor of g and o.
1
Let w be -8 + 15/((-120)/(-1184)). What is the highest common factor of 630 and w?
70
Let h = -323 + 356. Calculate the greatest common divisor of 77 and h.
11
Suppose 5*p - 620 = -5*a, 2 = a - 2*a. Suppose -3*l - 5*g + 17 = -p, 55 = l - 2*g. Calculate the greatest common divisor of 17 and l.
17
Let j be (-22346)/(-18) - 9/(1620/80). Calculate the greatest common divisor of j and 146.
73
Let k = 1016 + -921. What is the highest common divisor of 285 and k?
95
Suppose 64 = 4*i - b, 3*i + 4*b + b = 71. Let u be (-2 - -1)*(6 - i). Let y be 3/(-15) - ((-161)/5 + -1). What is the greatest common divisor of y and u?
11
Let r(s) = -27*s + 39. Let q be r(1). What is the highest common factor of 636 and q?
12
Suppose -4*p - 4*k = 50 - 210, 0 = 2*p - 3*k - 60. What is the highest common factor of 672 and p?
12
Let j(v) = -3*v - 4. Let f be j(-10). Let a = -20 + f. What is the highest common factor of a and 1?
1
Let s = 0 + 4. Let u = 390 - 388. Let k be (5 - s/u) + 87. What is the greatest common factor of 36 and k?
18
Let y(i) be the first derivative of 2*i**2 + 81*i + 7. Let c be y(-19). Calculate the greatest common factor of c and 5.
5
Suppose 3*q + 50 = 8*q. Suppose 7*c = 8*c - q. Suppose 5*i = c*i - 270. Calculate the greatest common factor of i and 6.
6
Let b(g) = 2*g**2 + g + 1. Let r be b(1). Suppose v - 86 + 31 = -o, -r*o + 4*v = -228. Calculate the greatest common divisor of 28 and o.
28
Let j(t) = 2*t**2 - 13*t - 53. Let r be j(-7). What is the highest common divisor of 32 and r?
8
Suppose -l - 1 + 181 = 0. Let n be (-8)/14 + l/21. Let h be (8/2)/n*18. What is the greatest common factor of h and 3?
3
Let p(f) = 2*f**3 - 33*f**2 - 29*f + 46. Let h be p(18). Calculate the greatest common factor of 16 and h.
16
Let p(n) = n**2 + n - 11. Let y be p(5). Let c be (2/(-6))/(((-133)/924)/y). What is the highest common divisor of c and 66?
22
Let u = 58 + -10. Let z be (-21)/27 + (-2)/9. Let r be (5 + z)*(0 + 3). What is the greatest common factor of r and u?
12
Let h be 9 - ((-30)/(-6) + -6). Calculate the highest common factor of h and 26.
2
Let s = -130 + 136. Suppose s*c = 443 - 47. What is the highest common divisor of c and 165?
33
Suppose 2*c + 112 = 450. Suppose 2*w = z - 0*z + 67, 0 = -4*w - 5*z + c. Calculate the greatest common divisor of w and 36.
36
Let r be (9 - 15) + (-12)/(-3). Let n(q) = -12*q**3 - 3*q**2 - q + 2. Let u be n(r). What is the highest common factor of u and 16?
8
Suppose -5*j + 10 = 5*c, 16 = c + 4*j + 14. What is the greatest common factor of 13 and c?
1
Suppose 35 + 10 = -4*h - 5*n, 0 = -2*h - 5*n - 35. Let l = h - 0. Let v = l + 10. What is the highest common factor of v and 40?
5
Let c(s) = 4*s - 4. Suppose 3*i + 4 = i + p, p = -3*i - 16. Let n be c(i). Let k = -8 - n. What is the highest common factor of k and 6?
6
Let r be 6/3 - 11/((-33)/240). What is the greatest common divisor of 246 and r?
82
Suppose -588 = -13*x + 2922. Calculate the greatest common divisor of x and 180.
90
Suppose x + 4*x + 95 = 0. Let o = 33 + x. Let d be (-42 - 0)*(-4)/6. Calculate the greatest common divisor of d and o.
14
Let c = -1355 - -1357. What is the highest common factor of c and 13?
1
Let n(x) = -x**3 - 6*x**2 - 3. Let r be n(-6). Let f be 1/r + 5887/21. Let g be ((-12)/(-10))/(12/f). Calculate the highest common divisor of 14 and g.
14
Let l be 750/(-20)*7/(21/(-66)). What is the greatest common factor of l and 75?
75
Let j be 104/(-4)*-1 - 4. Let k be (-39)/2 - 12/(-8). Let s = j + k. Calculate the highest common factor of s and 4.
4
Let g = -27 + 54. Let n(b) = b**3 - 3*b**2 - 13*b - 3. Let f be n(6). What is the greatest common divisor of g and f?
27
Let r be 12/3 - 7 - -5. Let o(z) = -5 + r*z**2 - 2*z + 6 - 3*z + 2. Let d be o(4). Calculate the greatest common divisor of 10 and d.
5
Suppose 4*c - 80 + 828 = 4*a, -3*c + a - 559 = 0. Let n = -81 - c. Suppose -10*i - 6*i + 420 = 12*i. Calculate the highest common factor of n and i.
15
Suppose 3*u + h = 85, -5*h - 2 = -22. What is the highest common divisor of 243 and u?
27
Let b = 748 + -523. Suppose 3*j - b = -2*j. Let h = -7 + 16. Calculate the greatest common divisor of j and h.
9
Let h = -10 - -145. Suppose -3*i = -0*j + 4*j + 7, j = -3*i - 4. Let v be (-472)/(-32) + j/(-4). What is the greatest common factor of h and v?
15
Suppose -5*y = 2*x - 310, 4*x = -2*y - 47 + 187. Suppose 1355*f - 312 = 1342*f. What is the greatest common divisor of f and y?
12
Let c = -26 - -5. Let l be 14/(-21)*(c + 0). Suppose 5 = -5*n + 15. What is the greatest common divisor of n and l?
2
Suppose 3311 = -8*n + 3327. Let c = 3 - 2. Calculate the greatest common divisor of c and n.
1
Suppose 0 = 2*u + 4 + 28. Let m = 24 + u. Let y(b) = -b**2 + 8*b + 7. Let a be y(m). Calculate the highest common divisor of 49 and a.
7
Let b(o) = -49*o - 156. Let d be b(-4). Calculate the highest common factor of 30 and d.
10
Let p be (-4)/((1 - 0)/(-36)). Let r(q) = -q**3 + 15*q**2 + 11*q - 21. Let u be r(15). Suppose -u = -4*z - 4*z. What is the highest common factor of p and z?
18
Suppose 3*c + c - 45 = -3*a, -c - 6 = -5*a. Let r be (-20)/(-32) + c/24. What is the greatest common factor of 5 and r?
1
Suppose 435 = 41*n - 40*n. Calculate the highest common divisor of 87 and n.
87
Suppose 0 = -3*f + 155 - 56. Let a(u) = -33*u**3 + u**2 - 1. Let l be a(-1). Calculate the greatest common divisor of f and l.
33
Let i(w) = -w**2 - 11*w - 16. Let b be i(-8). Suppose 5*m - m = -r - b, m + 15 = 3*r. Calculate the greatest common divisor of r and 32.
4
Suppose x - 4*w = 2*x - 10, -4*x + 4*w = 20. Let s be (-159)/(-21) - (-18)/42. Let u = x + s. What is the greatest common factor of u and 6?
6
Suppose 169 = 15*m - 176. Calculate the greatest common factor of 115 and m.
23
Suppose 2027 = 5*s + 4*q, 24*q - 401 = -s + 21*q. Calculate the greatest common d